- 2*t. What is the units digit of o?
2
What is the units digit of ((-11612)/(-6))/(26*(-5)/(-390))?
6
Suppose 0 = -4*a + m - 0*m + 41, 2*m - 8 = -a. What is the tens digit of (-2 - -8)*(2 - a/(-3))?
3
Let d(a) = 281*a**2 + 794*a - 8055. What is the units digit of d(10)?
5
What is the tens digit of 4907 - (455/(-7))/13?
1
Let p(m) = 11*m**2 + 77*m + 2. Let h(a) = 10*a**2 + 79*a + 2. Let q(y) = -3*h(y) + 4*p(y). What is the tens digit of q(-9)?
9
Suppose 5598 - 1674 = 18*d. Suppose -d*c + 216*c = -1686. What is the units digit of c?
3
Let u = -30 + 39. Suppose v = -u*v. Suppose v*x - 111 = -x. What is the units digit of x?
1
What is the tens digit of -18*(-1988)/6 - (4 - -3)?
5
Let q = 572 + -57. Suppose 212 + q = l. What is the hundreds digit of l?
7
Let y(o) = -7*o**3 - 2*o**2 - 65*o - 296. What is the ten thousands digit of y(-16)?
2
Let j be (-191)/(((-45)/54)/(-5)). Let x = -805 - j. What is the units digit of x?
1
Let d = 8696 - 8669. Let f(t) = 28*t - t**2 - 11 + 4*t - 32. What is the tens digit of f(d)?
9
Suppose 37*t = 42*t. Suppose -3*f + 5 = -8*f. What is the tens digit of (f + 3 - (t + 2)) + 14?
1
Suppose 3*s - 2*t = -0*s + 22, 2*s + t = 17. Suppose -s*y = -13 - 115. What is the tens digit of (-35)/(-15)*(2 + y)?
4
Let g be 4680/(-56) + 3/(-7). Let f = -440 - -234. Let o = g - f. What is the tens digit of o?
2
Suppose 3*s = 2*s + j + 12993, -2*j = 4*s - 51972. What is the thousands digit of s?
2
Let l = -499 - -348. Let f = -88 - 208. Let u = l - f. What is the tens digit of u?
4
Let w(j) = -31*j + 29. Let l be w(1). What is the hundreds digit of (-1241)/l*(45 + -43)?
2
Suppose -274*q - 3295 = -279*q. Let o = q - 406. What is the tens digit of o?
5
Let p = -100750 + 178717. What is the ten thousands digit of p?
7
Let k(v) = -v**3 + 4*v**2 + 3*v + 9. Let g be k(-4). Let q = g - -202. Suppose 0 = 3*a + 30 - q. What is the tens digit of a?
9
Let p = -260 - -148. Let y = p + 479. What is the tens digit of y?
6
Let z = -12145 - -19746. What is the units digit of z?
1
Let p(h) = 15*h**3 + 4*h**2 - 11*h + 10. Let b(n) = n**2 - 7*n + 16. Let l be b(3). What is the hundreds digit of p(l)?
9
Let p = 93 + -83. Suppose -p*u + 0*u = -2150. Let l = -56 + u. What is the units digit of l?
9
What is the units digit of 1378/(((-260)/39)/(-10))?
7
Let z(i) = -26*i + 2. Suppose 5*o = -h, 0 = -3*o - 0*o - h. Suppose o = 2*d + 3*d + 10. What is the units digit of z(d)?
4
Suppose -4*w + 100106 = 5*u, 0 = 5*w + 28*u - 33*u - 125200. What is the units digit of w?
4
Let x = -504 - -297. Let y = -349 - x. Let c = -28 - y. What is the tens digit of c?
1
Suppose 0 = 3*l - 4*j + 4032 - 25855, 5*l - 36365 = 5*j. What is the units digit of l?
9
What is the hundreds digit of 6276*((-238)/(-28) + -8)?
1
Let u be ((-13492)/(-7))/((-58)/(-203)). Suppose -u + 234 = -16*k. What is the tens digit of k?
0
Let x(v) = 4*v - 16. Let c be x(8). Suppose -5*n = -n - c. Suppose 0 = -n*y + 2*y + 50. What is the tens digit of y?
2
Suppose 2*i - 4 = -0*i. Suppose m + i*m - 108 = 0. Suppose 7*o - m = -1. What is the units digit of o?
5
Let l(f) = f - 17. Let k be l(0). Let t = 354 + -257. Let v = t - k. What is the hundreds digit of v?
1
What is the thousands digit of -293*(10 - 45) - (3 - -2)?
0
Let z(u) = 3*u**3 - u**2 + u + 2. Let n be z(3). Let t be 2094/(-14) - (-44)/n. Let p = t - -282. What is the units digit of p?
3
Suppose -5724 = -227*v + 226*v. Suppose 0 = -20*x + 1796 + v. What is the hundreds digit of x?
3
Let s(i) = 4*i**3 - 5*i - 5. Let r be s(9). Suppose 5*q - 3605 = -6*y + y, -4*q + 2*y + r = 0. Suppose -22 = 4*g - q. What is the units digit of g?
4
Let v(s) = 21*s**3 + 2*s**2 - 5*s - 4. Let d be 14/6 + (3 - 40/12). Let o be v(d). Let h = o - 63. What is the units digit of h?
9
Let j be (((-1326)/(-9))/13)/((-4)/42). Let n = 24 - j. What is the units digit of n?
3
Suppose -2 = f, 2*y = -y - 2*f - 28. What is the units digit of (121 - y/(-4))/(0 + 1)?
9
Let w(f) = 20*f**3 - 13*f**2 - 41*f + 986. What is the units digit of w(15)?
6
Let k = 84 - 73. Suppose k*y = 12*y - 13. Suppose -y*p + 4*p + 999 = 0. What is the tens digit of p?
1
Let v(z) = 11*z - 10 - z**2 + 0 + 8*z**2 - 4 - 17. What is the hundreds digit of v(10)?
7
Let n = 108 + -98. Suppose -n*v = -469 - 2431. What is the tens digit of v?
9
Let l(w) = -6*w - 11. Let o be l(5). Let m = o - -43. What is the tens digit of 0 + m/(-4) - (-203)/2?
0
Let r be (2/(-2))/((39/351)/(4/6)). Suppose 2*x + 1 = -3*u, 4*u + 12 = x - 5*x. What is the units digit of (-11494)/(-56) + r/x?
6
Let p be 0*(-1 - 10/(-5)). Suppose -3*o - 2 = 2*b, -o + 2*b + 10 = -p. What is the hundreds digit of o/(-3) + (-4151)/(-21)?
1
Suppose -1 = 2*x + 9. Let i be x/(10/22) + 1. What is the units digit of (-874)/i - (-40)/(-100)?
7
What is the tens digit of 22463 - 0/((-32)/16)?
6
Let g be (-4)/(-20) + 8/10. Let n be (-2000)/(-24)*9/(-3)*g. Let o = -143 - n. What is the units digit of o?
7
Suppose 7*n + 42019 = 28*n - 550349. What is the tens digit of n?
0
Let q(h) be the first derivative of -13*h**4/2 + h**3/3 + h**2/2 - h - 50. What is the tens digit of q(-3)?
0
Suppose -290*v = -212*v - 732420. What is the thousands digit of v?
9
Let d = -3553 - -18184. What is the thousands digit of d?
4
Let f(h) = h**2 - 18*h + 24. Let g be f(16). Let x be 1/(-2)*g - 4. Suppose x = -8*o + 300 + 172. What is the tens digit of o?
5
Let i(z) be the second derivative of 37*z**3/6 + 1455*z**2/2 + 243*z. What is the units digit of i(0)?
5
Let t(f) = -1060*f - 2039. What is the tens digit of t(-9)?
0
Let c = -20095 - -55128. What is the units digit of c?
3
Let r(t) = -2*t + 10. Let m be r(2). What is the hundreds digit of 6972/36 + (-4)/m?
1
Let q = 8375 - 4052. What is the tens digit of q?
2
Suppose 5*j - 9*j = -4. Let x be (-21)/14*(4 - j*-2). What is the units digit of (-3 + (-201)/x)*(-6)/(-4)?
9
Let v(x) = -180 + 95 + 114 - 9*x**2 + x**3 + 21*x. What is the hundreds digit of v(10)?
3
Let q be (32/(-5))/(18/765). What is the tens digit of -4 + (-7 + 7 - q)?
6
Suppose 4*q + 1745 - 1773 = 0. Suppose -1708 = -y - 5*r, y - 4*r - 1714 = -q*r. What is the thousands digit of y?
1
Let y = 58 - 55. Let f be 3 - ((3 - 0)/y - 1). What is the tens digit of (2679/(-76))/(f/(-8))?
9
Let c(m) = m**3 + 32*m**2 + 32*m + 120. Let w be c(-32). What is the tens digit of -3 + (w - 3)*-2 + 5?
1
Suppose 3*y + 10 = -x + y, 5*x + 2*y + 34 = 0. Let s be 333/x*(-23 - (-1 + 0)). Suppose 5*a = 154 + s. What is the hundreds digit of a?
2
What is the units digit of (1 - 8/(-2))*(23 + 1906)?
5
Let o be 2/4 + (-20)/(-8). Suppose 4*p + v = 21, 5*p + 2*v - 33 = o*v. Suppose p*k - 3*k - 336 = 0. What is the hundreds digit of k?
1
Suppose -h - 4*h + 5 = 0. Let l = -1 - h. What is the tens digit of ((-109)/(-3))/((-42)/(-18) + l)?
0
Let p(t) = t**3 - 6*t**2 + t - 2. Let j be p(5). Let n(w) = -34*w - 10*w**2 - 6*w**2 + 10 - w**3 - 5*w**2 + 56*w. What is the tens digit of n(j)?
1
Suppose -a = 3*n + 2, -3*n - 2*a = 7 - 3. What is the tens digit of n*(-5)/(-30) + 3*17?
5
Suppose 0 = 3*r + 5*q - 9083 - 17374, -q - 26493 = -3*r. What is the hundreds digit of r?
8
Suppose -33*y + 31*y + 18 = 0. What is the units digit of -2*(y - 7) - -203?
9
Let s = -6127 - -9705. What is the thousands digit of s?
3
Let l(v) = -v**3 + 40*v**2 + 62*v - 38. What is the hundreds digit of l(33)?
6
Suppose 0 = -15*m + 9*m - 108. What is the tens digit of m/30*(-148 + 3)?
8
Suppose -4*z + 0*z + 8 = 0, 5*p = 4*z + 27517. What is the units digit of p?
5
Suppose -67 + 227 = -2*j. What is the hundreds digit of (j/7)/((-2)/35)?
2
What is the tens digit of ((-23)/(575/93930))/(4*3/(-60))?
8
Let u(t) = -23 + 3*t**2 - 3*t - 8*t**2 + 15*t**2 - t**3. What is the units digit of u(8)?
1
What is the hundreds digit of -15*140/(-175) + (-120334)/(-2)?
1
Let n(l) = 60*l**2 + 52*l - 14. Let v be n(-9). Suppose 14*z = 3*z + v. What is the hundreds digit of z?
3
Let c = 2 + 13. Suppose 0 = -5*d + 10*d - c. Suppose 0 = d*r - 13 + 1. What is the units digit of r?
4
Suppose 0 = 2*h - 14, 25*o + 5*h = 20*o + 21370. What is the tens digit of o?
6
Suppose -8128 = -3*r + 5*m + 3774, 2*r - 7898 = -4*m. What is the thousands digit of r?
3
What is the thousands digit of (31699 - 6) + -3 + 18?
1
Suppose 81*z - 902861 = -138059. What is the thousands digit